{"id":69,"date":"2019-06-24T09:23:01","date_gmt":"2019-06-24T07:23:01","guid":{"rendered":"https:\/\/aocfroid.fr\/?page_id=69"},"modified":"2024-02-14T10:34:36","modified_gmt":"2024-02-14T09:34:36","slug":"agrements","status":"publish","type":"page","link":"https:\/\/aocfroid.fr\/?page_id=69","title":{"rendered":"Nos agr\u00e9ments"},"content":{"rendered":"\n<p>Nos activit\u00e9s sont encadr\u00e9es par la n\u00e9cessit\u00e9 de poss\u00e9der un agr\u00e9ment \u00e0 manipuler les fluides frigorig\u00e8nes. Cet agr\u00e9ment nous a \u00e9t\u00e9 octroy\u00e9 par QUALICLIMA FROID sous le N\u00b0 16995 (cat\u00e9gorie 1&nbsp;: contr\u00f4le d\u2019\u00e9tanch\u00e9it\u00e9, maintenance, entretien, assemblage, mise en service, r\u00e9cup\u00e9ration des fluides de tous les \u00e9quipements de r\u00e9frig\u00e9ration, de climatisation et de pompe \u00e0 chaleur)&nbsp;&nbsp;&nbsp;&nbsp; <\/p>\n\n\n\n<hr class=\"wp-block-separator\"\/>\n\n\n\n<p>L\u2019obtention de cet agr\u00e9ment atteste : <\/p>\n\n\n\n<ul><li>De la comp\u00e9tence des op\u00e9rateurs qui doivent poss\u00e9der une attestation d\u2019aptitude.<\/li><\/ul>\n\n\n\n<ul><li>De la pr\u00e9cision du mat\u00e9riel n\u00e9cessaire aux interventions. <\/li><\/ul>\n\n\n\n<ul><li>De la tra\u00e7abilit\u00e9 de fluides frigorig\u00e8nes.&nbsp;<\/li><\/ul>\n\n\n\n<ul><li>De la gestion des plaintes.<\/li><\/ul>\n\n\n\n<hr class=\"wp-block-separator\"\/>\n\n\n\n<div class=\"wp-block-media-text alignwide is-stacked-on-mobile\" style=\"grid-template-columns:15% auto\"><figure class=\"wp-block-media-text__media\"><img loading=\"lazy\" width=\"95\" height=\"95\" src=\"https:\/\/aocfroid.fr\/wp-content\/uploads\/2019\/06\/ADC-Logo.jpg\" alt=\"\" class=\"wp-image-119 size-full\"\/><\/figure><div class=\"wp-block-media-text__content\">\n<p>\n\nAu travers de son activit\u00e9 ADC Fluides,&nbsp;QUALICLIMAFROID d\u00e9livre des&nbsp;<strong>attestations de capacit\u00e9&nbsp;<\/strong><strong>\u00e0 manipuler les fluides frigorig\u00e8nes<\/strong>, obligatoires pour&nbsp;l\u2019achat, la d\u00e9tention et la manipulation de tout fluide&nbsp;frigorig\u00e8ne \u00e0 effet de serre.&nbsp;\n\n<\/p>\n<\/div><\/div>\n","protected":false},"excerpt":{"rendered":"<p>Nos activit\u00e9s sont encadr\u00e9es par la n\u00e9cessit\u00e9 de poss\u00e9der un agr\u00e9ment \u00e0 manipuler les fluides frigorig\u00e8nes. Cet agr\u00e9ment nous a \u00e9t\u00e9 octroy\u00e9 par QUALICLIMA FROID sous le N\u00b0 16995 (cat\u00e9gorie 1&nbsp;: contr\u00f4le d\u2019\u00e9tanch\u00e9it\u00e9, maintenance, entretien, assemblage, mise en service, r\u00e9cup\u00e9ration des fluides de tous les \u00e9quipements de r\u00e9frig\u00e9ration, de climatisation et de pompe \u00e0 chaleur)&nbsp;&nbsp;&nbsp;&nbsp; [&hellip;]<\/p>\n","protected":false},"author":1,"featured_media":0,"parent":0,"menu_order":0,"comment_status":"closed","ping_status":"closed","template":"","meta":[],"_links":{"self":[{"href":"https:\/\/aocfroid.fr\/index.php?rest_route=\/wp\/v2\/pages\/69"}],"collection":[{"href":"https:\/\/aocfroid.fr\/index.php?rest_route=\/wp\/v2\/pages"}],"about":[{"href":"https:\/\/aocfroid.fr\/index.php?rest_route=\/wp\/v2\/types\/page"}],"author":[{"embeddable":true,"href":"https:\/\/aocfroid.fr\/index.php?rest_route=\/wp\/v2\/users\/1"}],"replies":[{"embeddable":true,"href":"https:\/\/aocfroid.fr\/index.php?rest_route=%2Fwp%2Fv2%2Fcomments&post=69"}],"version-history":[{"count":8,"href":"https:\/\/aocfroid.fr\/index.php?rest_route=\/wp\/v2\/pages\/69\/revisions"}],"predecessor-version":[{"id":217,"href":"https:\/\/aocfroid.fr\/index.php?rest_route=\/wp\/v2\/pages\/69\/revisions\/217"}],"wp:attachment":[{"href":"https:\/\/aocfroid.fr\/index.php?rest_route=%2Fwp%2Fv2%2Fmedia&parent=69"}],"curies":[{"name":"wp","href":"https:\/\/api.w.org\/{rel}","templated":true}]}}